ate c(0).
-10
Let f = -898 + 899. Let g(o) = 33*o**2 + o - 1. Calculate g(f).
33
Let m(y) = 4*y + 3. Let o be m(1). Suppose 0*n = -s - 3*n + 7, -3*s - o = 2*n. Let c(w) = -2*w - 4. Determine c(s).
6
Let g(p) be the second derivative of 0 + 1/12*p**4 - 1/2*p**2 - 14*p + 1/6*p**3. Suppose 2*w - 3*c + 18 = -3*w, -c = -2*w - 7. Determine g(w).
5
Let f(w) be the first derivative of w**3/3 - 3*w**2/2 - w + 158. Calculate f(4).
3
Let z be 26/10 - (-5 + 115/25). Let i(t) = 5*t - z*t - 95 + 94. What is i(3)?
5
Let f = -72 - -75. Suppose 4*g = -f*j - 5, -3*g = -2*g + j. Let y(n) = -n**3 - 4*n**2 + n + 1. What is y(g)?
21
Let a(k) be the second derivative of 5*k**4/12 + 7*k**3/3 - 2*k**2 - 63*k. Calculate a(-3).
-1
Let b(j) be the third derivative of -j**4/24 - j**3/6 + 55*j**2. Calculate b(5).
-6
Let j(a) = 22*a - 6*a + 36 - 13*a - 63. Calculate j(11).
6
Let u(z) = 7*z**3 - 2*z**2 + 2*z - 2. Let c(w) = -7 + 7 - w**3. Let j(h) = -6*c(h) - u(h). Calculate j(2).
-2
Let c(l) = -5*l**2 + 11*l + 2. Let d(i) = i**2. Let w(b) = -c(b) - 6*d(b). What is w(-9)?
16
Let r be (2/3)/(-1) - (-66)/18. Let n = 9 + -1. Let s(f) = -n*f + 3*f + 2*f**2 + 1 - r. What is s(4)?
10
Let u(g) = g**2 + 3*g - 1. Let y = -5 - 0. Let d be 13/y + 4/(-10). What is u(d)?
-1
Let p(u) = -u**3 + 4 - 1 - 2*u**2 - 2*u**2. Let x = 15 + -7. Let q be -8*((-28)/x + 4). Determine p(q).
3
Let q(i) = 14*i + 50. Let j(f) = 5*f + 17. Let p(k) = 11*j(k) - 4*q(k). Suppose 3*r + 12 = -2*h + 5*h, 5*h - 11 = -4*r. Let u be 7*6/7*r. Calculate p(u).
-7
Let u(o) = o**2 + 6*o - 4. Let a be 6/2 + -3 + 28. Suppose a = 5*c - c. Suppose -c = 2*i + 3. Calculate u(i).
-9
Let o(y) = 6*y + 16. Let n be o(4). Let r = n + -41. Let d(i) = 2*i. Calculate d(r).
-2
Let x(t) = 3*t + 3*t - 3 - 5*t + 7. Determine x(-3).
1
Let f(t) be the third derivative of 0 + 0*t + 18*t**2 - 1/60*t**5 - 1/24*t**4 + 5/6*t**3. Give f(-4).
-7
Let o(v) = -v + 1. Let s be 28/(-42) - 14/(-3). Determine o(s).
-3
Let n(g) be the second derivative of -g**4/12 + 2*g**3/3 - 3*g**2 + 3*g + 5. Give n(4).
-6
Let i = -1005 + 1012. Let o(c) = 2*c**2 - 8*c - 2. Determine o(i).
40
Let k(z) = -z**3 + 2*z**2 - 2*z + 4. Suppose 3*n = 4*d, -4*d - 15*n = -13*n - 20. What is k(d)?
-11
Let k(h) be the first derivative of 3*h**2/2 + 4*h + 23. What is k(-2)?
-2
Let m(h) = -h**3 + 109*h + 2*h**3 + h**2 - 1 - 108*h - 2*h**3. Suppose -5*u + 5 = -t + 3, -4*t = -12. Calculate m(u).
0
Let p(z) be the third derivative of 0*z - 4*z**2 + 0 + 1/24*z**4 + z**3 - 1/120*z**5. Let b(o) be the first derivative of p(o). Determine b(6).
-5
Suppose -5*s = -2*y - 5, -17 = -13*y + 9*y + s. Let i(v) = v**2 - 7*v + 4. Determine i(y).
-6
Let f be 0/3 + (2 - 4 - -5). Let s(g) = -4*g**2 + 9*g + f*g**2 - 8*g - 2. Determine s(2).
-4
Let w(b) = 8*b**3 - 5*b**2 + 2*b - 6. Let p(s) = -s**3 + s**2 + 1. Let i(y) = -5*p(y) - w(y). Let o be (-8)/6*96/(-128). Determine i(o).
-4
Suppose -4*b + 10 = b, 2*m + 3*b - 18 = 0. Let w(n) = -n**2 + 4*n + 4. What is w(m)?
-8
Suppose 5*m + 0 = -30. Let b(n) = 4*n**2 + n - 1. Let f(c) = 3*c**2 - 6*c - 3. Let k(g) = b(g) - f(g). Give k(m).
-4
Suppose 5*p + 13 = 3*o, 2*o = -0*o + 2*p + 10. Let d(h) = -h**3 + 7*h**2 - 5*h - 4. Let a be d(o). Let y(t) = t**2 + 2*t - 1. Calculate y(a).
7
Let x(s) = -4*s**3 - 6*s**2 + 10*s + 9. Let y(o) = 3*o**3 + 6*o**2 - 9*o - 7. Let q(g) = -4*x(g) - 5*y(g). Give q(4).
-13
Let y(r) = r - 3. Let d = -8 - -5. Let m(p) = -3*p**2 - 3*p + 3. Let j be m(d). Let z be (-5)/2 - j/(-10). Calculate y(z).
-7
Let p be 1*(-1)/(4/4). Let v be (p + 10/6)*-3. Let c(i) = -i**3 - i**2 + 2*i - 1. Give c(v).
-1
Let i(q) = q**2 - 7*q - 7. Let g be (6/8)/(-12*5/(-160)). Let v be (-7)/g*1*-2. Give i(v).
-7
Let n(l) = -l + 7. Suppose -3*s = -158 + 158. Suppose s = -3*q - 3*m, -q + m + 6 = -0. Calculate n(q).
4
Let g be (-1)/(-7) + (-10)/70. Suppose g = -8*r + 4*r + 12. Let h(f) = -3*f**r + f**2 + f - 4*f**2 + 5*f**2. Calculate h(2).
-14
Let q(u) be the second derivative of -12*u + 1/6*u**3 + 0 - 1/2*u**2. Give q(-6).
-7
Suppose 30 = 6*n + 4*n. Let r(k) = -2*k + 1. Calculate r(n).
-5
Let l = 24 + -14. Suppose 25 = t - 4*i, -3*i - 2*i = 3*t + l. Let o(a) = -1 + 6*a**2 - 8*a**2 + 3*a - t*a. Give o(-2).
-5
Suppose -3*y = 3*n + 2*y - 34, 4*y + 24 = 4*n. Let p(j) be the first derivative of j**4/4 - 7*j**3/3 - 4*j**2 - 2*j + 2. Determine p(n).
-2
Let o(r) = 3*r**2 - 2*r - 3. Let c be o(-1). Let i(v) = -5 + 5*v + 11 - 3 - v**c. Suppose 3*f - f = 8. Calculate i(f).
7
Let i(t) be the first derivative of t**4/4 + 5*t**3/3 + 7*t**2/2 + 4*t - 67. Give i(-4).
-8
Let o(i) = 23*i - 2. Let p(m) = -8*m + 1. Let s(v) = -6*o(v) - 17*p(v). Let n = 24 + -4. Suppose 5*t - t + n = 0. Determine s(t).
5
Let s(v) = -40*v - 80. Let k(o) = 14*o + 29. Let m(r) = 11*k(r) + 4*s(r). Determine m(-6).
35
Let s(d) be the third derivative of d**4/24 + 3*d**3/2 + 249*d**2. Calculate s(-5).
4
Let i(l) be the first derivative of -l**3/3 - 3*l**2/2 + l + 8. Let p(t) = -2*t**2 + 3*t - 1. Let s = -3 - -5. Let g be p(s). Give i(g).
1
Let n(t) = t**3 + 3*t**2 - 6*t + 7. Let x be 336/112 + 0 + (1 - 9). What is n(x)?
-13
Let o(l) = 0*l**2 - 12 + 7*l**2 + 3*l**2 - 8*l**2 - l**2 + 14*l. Calculate o(-16).
20
Let i = -79 + 79. Let n(k) be the third derivative of k**6/120 - k**4/24 + 2*k**3/3 - 5*k**2. What is n(i)?
4
Let w be (-2)/(((-2)/(-4))/((-90)/(-36))). Let l(j) = -j**3 - 11*j**2 - 12*j - 11. Determine l(w).
9
Let o(y) = -37 + 67 + y - 32 - 2*y**2. Suppose -3*i = -3*h - 1 + 10, -14 = -5*h + 4*i. What is o(h)?
-8
Let h(n) = 12*n + 1. Let q(r) = -6*r - r + 3*r + 5*r. Let i(x) = -h(x) + 6*q(x). Let v(u) = -u**3 - 5*u**2 - 4*u + 1. Let b be v(-4). What is i(b)?
-7
Let y(w) = -2*w**2 + 8*w - 4. Let g(a) = -3*a**2 + 9*a - 5. Let c(p) = 3*g(p) - 4*y(p). Calculate c(-7).
-13
Let l(q) be the second derivative of 1/2*q**3 - 20*q + 0 + 6*q**2. Give l(-8).
-12
Suppose 5*r = -4 - 1, 4*r = b - 2. Let i(v) = -v**3 - 3*v**2 - v. Calculate i(b).
-2
Let q(a) = 6*a**3 - 3*a**2 + a + 2. Let g(m) = 12*m**3 - 7*m**2 + 2*m + 5. Let r(c) = -3*g(c) + 7*q(c). Calculate r(1).
6
Let s(i) = 4 - 1 - 2. Suppose -1 = 11*g - 34. Let j(o) = o - 2. Let z(m) = g*s(m) + 2*j(m). What is z(5)?
9
Let x(o) be the second derivative of -o**3/6 - o**2 - 4*o - 2. Let v = 1 + 0. Let j be (v - 1)/2 - 2. Calculate x(j).
0
Let s = 1804 + -1798. Let a(g) = -g - 4. What is a(s)?
-10
Let z(k) = 2*k. Let n(l) = l**3 + 2*l**2 - 4*l - 3. Let o = -8 - -5. Let i be n(o). Let m be 1 - ((i - 0) + -1). Determine z(m).
4
Let l(m) be the second derivative of -m**4/12 + 4*m**3/3 - 6*m**2 + 4*m - 12. What is l(8)?
-12
Let i = 5994 - 5996. Let d(n) be the third derivative of n**6/120 + n**4/8 + n**3/6 + n**2. Give d(i).
-13
Let t(l) = -l - 7. Suppose -35 = -3*b + 5*s, b - 26 = -2*b - 4*s. Suppose 12*w - b = 13*w. Calculate t(w).
3
Suppose -1 = g - 4. Let i(n) = -3*n - 56. Let f(x) = -x - 20. Let o(s) = 17*f(s) - 6*i(s). Give o(g).
-1
Let w = 53 + -51. Suppose -3*i = 3*p - 27, -5 - 7 = -2*i + p. Let n(o) = o**2 + 3*o - w*o - 3*o - 3 + i*o. Give n(-3).
-9
Let u(v) = v**3 + 5*v**2 - 8*v - 8. Let b be 1/(-2*(4 + 235/(-60))). Determine u(b).
4
Suppose 0 = -u + 4*f - 11, -2*f = 5*u - f + 13. Suppose -6*l = -l - 10. Let g(t) = 6*t**2 - 6*t**2 + 3*t + 0 + l + t**2. Determine g(u).
2
Suppose -2*t + 2 = -t. Let b be 4 + -6 + t + 0. Let k(l) = -l - 14. What is k(b)?
-14
Let v(j) = -j - 1. Let p be v(0). Let g(s) = -6 + 4*s + 3 - 3*s. Let a(h) = -h + 4. Let w(k) = 2*a(k) + 3*g(k). Calculate w(p).
-2
Let q(u) = u**2 + 3*u. Let m be 4*((-10)/4 - -2). Let b be q(m). Let f(o) = 1030*o**2 - o + 4*o - 1029*o**2 - 4*o. Determine f(b).
6
Suppose -5*u = 3*q - 40, -2*q = -7*q + 2*u + 15. Let k(h) be the first derivative of 1/2*h**2 + 5*h + q. What is k(-5)?
0
Let o(k) be the first derivative of -10 + 0*k + 2*k**3 + 1/2*k**2. Suppose 0 = -2*w - 3 + 1. Give o(w).
5
Let l(u) be the second derivative of -u**5/20 - u**3/6 - 41*u**2/2 + 41*u + 2. Calculate l(0).
-41
Let h be 3/9*(1 + 8). Let i(r) = 1 + 0*r - 2*r - 2*r**3 + 0*r + h*r**2. Calculate i(2).
-7
Let f(n) = -n**3 + n**2 - 1. Let d(o) = 5*o**3 + 6*o**2 + 2*o + 14. Let y(k) = d(k) + 4*f(k). Determine y(-10).
-10
Let v(w) be the first derivative of w**3/3 - 2*w**2 - 15*w - 90. What is v(7)?
6
Suppose 2*n - 249*z + 250*z - 19 = 0, -5*n